
List the prime factors of 101284.
2, 25321
List the prime factors of 479.
479
What are the prime factors of 150?
2, 3, 5
List the prime factors of 413.
7, 59
What are the prime factors of 19496?
2, 2437
List the prime factors of 9703.
31, 313
List the prime factors of 3144.
2, 3, 131
List the prime factors of 38579.
173, 223
List the prime factors of 11336.
2, 13, 109
What are the prime factors of 6741?
3, 7, 107
What are the prime factors of 17611?
11, 1601
What are the prime factors of 76647?
3, 29, 881
What are the prime factors of 74503?
11, 13, 521
What are the prime factors of 503?
503
List the prime factors of 464.
2, 29
List the prime factors of 83523.
3, 11, 2531
What are the prime factors of 20698?
2, 79, 131
What are the prime factors of 587?
587
List the prime factors of 64912.
2, 4057
List the prime factors of 82456.
2, 11, 937
List the prime factors of 322.
2, 7, 23
What are the prime factors of 14239?
29, 491
What are the prime factors of 21167?
61, 347
List the prime factors of 109231.
19, 5749
List the prime factors of 735.
3, 5, 7
What are the prime factors of 6623?
37, 179
List the prime factors of 289.
17
What are the prime factors of 701?
701
List the prime factors of 2470.
2, 5, 13, 19
What are the prime factors of 45571?
199, 229
List the prime factors of 1656.
2, 3, 23
What are the prime factors of 11289?
3, 53, 71
What are the prime factors of 88938?
2, 3, 61
List the prime factors of 8770.
2, 5, 877
List the prime factors of 28113.
3, 9371
What are the prime factors of 10440?
2, 3, 5, 29
List the prime factors of 432.
2, 3
List the prime factors of 1394.
2, 17, 41
What are the prime factors of 85195?
5, 11, 1549
List the prime factors of 664.
2, 83
What are the prime factors of 1886?
2, 23, 41
List the prime factors of 2020.
2, 5, 101
What are the prime factors of 8157?
3, 2719
List the prime factors of 27322.
2, 19, 719
List the prime factors of 563.
563
What are the prime factors of 8134?
2, 7, 83
What are the prime factors of 33315?
3, 5, 2221
What are the prime factors of 2868?
2, 3, 239
What are the prime factors of 136365?
3, 5, 9091
List the prime factors of 4094.
2, 23, 89
List the prime factors of 16355.
5, 3271
List the prime factors of 1580.
2, 5, 79
List the prime factors of 25218.
2, 3, 467
List the prime factors of 2931.
3, 977
List the prime factors of 2117.
29, 73
What are the prime factors of 210234?
2, 3, 37, 947
What are the prime factors of 935?
5, 11, 17
List the prime factors of 36370.
2, 5, 3637
What are the prime factors of 81560?
2, 5, 2039
List the prime factors of 934.
2, 467
List the prime factors of 5660.
2, 5, 283
List the prime factors of 33461.
33461
List the prime factors of 35470.
2, 5, 3547
List the prime factors of 7207.
7207
What are the prime factors of 6154?
2, 17, 181
What are the prime factors of 18166?
2, 31, 293
What are the prime factors of 7352?
2, 919
List the prime factors of 779.
19, 41
What are the prime factors of 4354?
2, 7, 311
What are the prime factors of 501?
3, 167
What are the prime factors of 4511?
13, 347
What are the prime factors of 12802?
2, 37, 173
List the prime factors of 62294.
2, 31147
List the prime factors of 202.
2, 101
List the prime factors of 7899.
3, 2633
What are the prime factors of 10579?
71, 149
List the prime factors of 4021.
4021
List the prime factors of 7646.
2, 3823
List the prime factors of 713.
23, 31
List the prime factors of 9273.
3, 11, 281
What are the prime factors of 448?
2, 7
What are the prime factors of 29080?
2, 5, 727
What are the prime factors of 12232?
2, 11, 139
What are the prime factors of 21462?
2, 3, 7, 73
What are the prime factors of 133510?
2, 5, 13, 79
List the prime factors of 1147.
31, 37
List the prime factors of 13857.
3, 31, 149
What are the prime factors of 109844?
2, 7, 3923
What are the prime factors of 89585?
5, 19, 23, 41
List the prime factors of 2975.
5, 7, 17
What are the prime factors of 67298?
2, 7, 11, 19, 23
List the prime factors of 6681.
3, 17, 131
What are the prime factors of 966?
2, 3, 7, 23
What are the prime factors of 240?
2, 3, 5
List the prime factors of 1230.
2, 3, 5, 41
List the prime factors of 16039.
43, 373
What are the prime factors of 9317?
7, 11
List the prime factors of 28854.
2, 3, 7, 229
What are the prime factors of 101694?
2, 3, 17, 997
List the prime factors of 1102.
2, 19, 29
List the prime factors of 659.
659
List the prime factors of 43517.
43517
What are the prime factors of 39360?
2, 3, 5, 41
What are the prime factors of 4685?
5, 937
What are the prime factors of 36094?
2, 18047
List the prime factors of 1269.
3, 47
List the prime factors of 2402.
2, 1201
What are the prime factors of 14711?
47, 313
List the prime factors of 9796.
2, 31, 79
What are the prime factors of 11843?
13, 911
List the prime factors of 1751.
17, 103
What are the prime factors of 57401?
61, 941
List the prime factors of 11004.
2, 3, 7, 131
What are the prime factors of 137?
137
List the prime factors of 2486.
2, 11, 113
What are the prime factors of 4848?
2, 3, 101
What are the prime factors of 172593?
3, 127, 151
What are the prime factors of 3753?
3, 139
What are the prime factors of 12735?
3, 5, 283
What are the prime factors of 1775?
5, 71
List the prime factors of 2173.
41, 53
What are the prime factors of 17558?
2, 8779
List the prime factors of 824.
2, 103
List the prime factors of 8762.
2, 13, 337
What are the prime factors of 877?
877
List the prime factors of 816.
2, 3, 17
What are the prime factors of 4235?
5, 7, 11
What are the prime factors of 1194?
2, 3, 199
What are the prime factors of 564?
2, 3, 47
What are the prime factors of 1933?
1933
What are the prime factors of 59494?
2, 151, 197
List the prime factors of 554.
2, 277
List the prime factors of 6836.
2, 1709
What are the prime factors of 4855?
5, 971
What are the prime factors of 3644?
2, 911
What are the prime factors of 751?
751
What are the prime factors of 150619?
7, 21517
What are the prime factors of 6411?
3, 2137
List the prime factors of 17542.
2, 7, 179
List the prime factors of 4928.
2, 7, 11
List the prime factors of 12338.
2, 31, 199
List the prime factors of 1616.
2, 101
List the prime factors of 12521.
19, 659
What are the prime factors of 320?
2, 5
What are the prime factors of 3834?
2, 3, 71
List the prime factors of 3058.
2, 11, 139
List the prime factors of 704.
2, 11
What are the prime factors of 1482?
2, 3, 13, 19
What are the prime factors of 15647?
15647
What are the prime factors of 40769?
59, 691
What are the prime factors of 2125?
5, 17
What are the prime factors of 1171?
1171
List the prime factors of 3497.
13, 269
What are the prime factors of 130345?
5, 131, 199
List the prime factors of 42785.
5, 43, 199
What are the prime factors of 15249?
3, 13, 17, 23
What are the prime factors of 22793?
23, 991
List the prime factors of 12385.
5, 2477
List the prime factors of 10004.
2, 41, 61
What are the prime factors of 62272?
2, 7, 139
List the prime factors of 9737.
7, 13, 107
What are the prime factors of 6950?
2, 5, 139
List the prime factors of 348.
2, 3, 29
What are the prime factors of 7928?
2, 991
List the prime factors of 504.
2, 3, 7
What are the prime factors of 2144?
2, 67
List the prime factors of 1863.
3, 23
What are the prime factors of 12001?
11, 1091
What are the prime factors of 7472?
2, 467
What are the prime factors of 1934?
2, 967
List the prime factors of 73854.
2, 3, 11, 373
What are the prime factors of 2850?
2, 3, 5, 19
What are the prime factors of 3360?
2, 3, 5, 7
List the prime factors of 26197.
17, 23, 67
What are the prime factors of 24439?
24439
List the prime factors of 8864.
2, 277
What are the prime factors of 4194?
2, 3, 233
List the prime factors of 96358.
2, 48179
List the prime factors of 7374.
2, 3, 1229
What are the prime factors of 562?
2, 281
List the prime factors of 37514.
2, 18757
What are the prime factors of 88532?
2, 22133
What are the prime factors of 486?
2, 3
List the prime factors of 1988.
2, 7, 71
List the prime factors of 548.
2, 137
List the prime factors of 62175.
3, 5, 829
List the prime factors of 20784.
2, 3, 433
What are the prime factors of 3140?
2, 5, 157
What are the prime factors of 10717?
7, 1531
List the prime factors of 10277.
43, 